Let h(t) = -10*t**2 - 2*t + t**2 + t + 1. Let p(n) = 5*n**2 + n. Let a(q) = o*p(q) - 6*h(q). What is a(-4)?
-2
Let k(p) = -p**3 - 5*p**3 + 192*p**2 + p - 191*p**2. Give k(-1).
6
Let p(q) = -q**3 - 3*q**2 - 2*q + 2. Suppose 6*h - 7*h = 2. Determine p(h).
2
Suppose 7*r + 138 = 330 - 157. Let q(x) = 6 - 4*x - 2*x**2 - 1 + 3*x**2. Give q(r).
10
Suppose 4*m + 5 + 7 = 0. Let g(o) = -o**3 - 3*o**2 + o - 3. Give g(m).
-6
Suppose 1 = -g + 5*u, 6*g - g + 2*u = 22. Let t be 15*(-1 + 0) + g. Let r(s) = -s - 5. Calculate r(t).
6
Suppose -n = o - 4, 16 = -7*n + 3*n + 4*o. Let f(v) = 2*v - 5. Calculate f(n).
-5
Let h(p) = -5*p**2 - p + 26*p**2 + 0*p + p**3 - 4 - 27*p**2. Give h(6).
-10
Let r be -5*5*(-12)/75. Let w(n) = n**2 - 5*n + 4. Determine w(r).
0
Let r(l) = 5*l**3 + 0*l**3 - 4*l**3 + l - 5*l**2. Let h = -19 + 17. Let c be h/(-2) + 5 + -1. What is r(c)?
5
Let w(c) = 2*c**3 - 4*c**2 + 3*c - 1. Let g be -3 - (-7)/1 - 2. Let i be w(g). Let z(d) = 6*d - i*d + 0 - 1. Give z(-3).
-4
Let f(b) be the third derivative of -b**5/60 + b**4/8 - b**3/6 + 91*b**2. Calculate f(-3).
-19
Let b(a) = -a**3 - 8*a**2 - 5*a + 16. Let u be b(-7). Let t(i) = -i**u + 30*i + 4 - 7 - 34*i + i**3. Calculate t(4).
29
Let g(v) = v**2 - 7*v + 7. Let t be 0/1 + 1 + 1. Suppose x = -3*u + 8, -t*u - 8 = -x - 5. Give g(x).
-3
Let x(d) = -d - 21. Let q(a) = a - 1. Let m(j) = -2*q(j) + x(j). Give m(-8).
5
Let k(o) = o**2 + 13*o + 18. Let r(d) = 25*d + 562. Let n be r(-23). Calculate k(n).
18
Let n(u) be the first derivative of -u**2/2 - 4*u + 68. Calculate n(6).
-10
Suppose -14*l = -6*l - 8. Let w(p) be the second derivative of -2*p**3/3 + p**2/2 - 3*p. Determine w(l).
-3
Let x(l) = -13*l**3 - l**2 - l. Suppose -m = 3*c + 1, -4*m + 2*c + 21 - 25 = 0. Calculate x(m).
13
Let d(a) = -10 - 27519*a**2 + 27518*a**2 - 10*a + 26. What is d(-11)?
5
Let q be 14/(-70) + 26/5. Let f(y) = q*y - 7 + 3*y + 4*y + y**2 - 7*y. What is f(-7)?
7
Let n(u) = u**3 + 15*u**2 + 27*u + 26. Let t(g) = -2*g**3 - 30*g**2 - 54*g - 51. Let b(y) = -5*n(y) - 3*t(y). What is b(-13)?
10
Let f(a) be the third derivative of a**6/120 - a**5/20 + a**4/6 - 2*a**3/3 + 7*a**2 + 4*a. Determine f(3).
8
Let t(x) = -x**2 - 2. Let z(d) = d**2 - 3*d + 2. Let o be z(3). Let q = -4 - -3. Let r be o/4*(q + -5). Give t(r).
-11
Let u(c) be the second derivative of -4/3*c**3 + 1/12*c**4 - 9/2*c**2 - c + 0. Suppose -6*r = -2*r - w - 41, -5*w = -3*r + 52. What is u(r)?
0
Let x = 7 - 4. Let g(q) = -2 - x*q**2 - q + 2*q - 5*q. Let i(k) = -94*k - 378. Let u be i(-4). What is g(u)?
-6
Let j(y) be the third derivative of y**4/24 + 3*y**3/2 - y**2. Let v(l) = 3*l**3 - 12*l**2 + 8*l - 2. Let i be v(3). Give j(i).
4
Let t(f) = -2*f + 6. Let k be t(6). Let a(p) be the first derivative of 1/2*p**2 - 13 + 4*p. What is a(k)?
-2
Let a(f) = 2*f**3 + 8*f**2 + 12*f + 2. Let u be a(-2). Let g(l) = l + 14. Determine g(u).
8
Let s(m) = -m**3 - 2. Let p = 2 - -3. Let a be 2/(-5)*(p - 0). Give s(a).
6
Let h = -5 - -8. Let i(a) = -33*a**3 - 6 + 6*a + 18*a**3 + 6*a**2 + 16*a**h. Let x be -6 + (1 - (-2 - -2)). Give i(x).
-11
Let g(p) = 5*p - 1. Suppose -2 + 32 = 6*x. Let n(w) = 2*w - 9. Let c be n(x). Determine g(c).
4
Suppose -102*x - 383 = -77. Let h(l) be the second derivative of l**3/6 - 2*l**2 - l. Give h(x).
-7
Let u(x) = x - 5. Let j(p) = p**2 - 25*p + 136. Let q be j(17). Calculate u(q).
-5
Suppose -3*o = -4*c - 33, c + o = -4*o + 9. Let i(s) = 2*s + 26. Let v be i(-12). Let y(q) = -q**3 - 5 - 4*q**2 - v*q**2 - 1 - q. Give y(c).
0
Let l(k) be the first derivative of -k**2 - 15*k + 2 + 13*k + 2*k**2. Suppose -3*j + 2*p = -9 - 10, 0 = -5*j + 4*p + 35. Give l(j).
4
Let d be 63/(2 + -2 + -1). Let b be (-2)/9 - (-301)/d. Let u(j) = -j**3 + j + 1. Let f(a) = 4*a**3 - 6*a**2 - 10*a - 7. Let m(z) = -f(z) - 5*u(z). What is m(b)?
2
Let z(d) = -d**2 + 5*d + 3. Suppose -r + 2*c - 4 + 17 = 0, 5*r = 4*c + 35. Suppose r*v = 15*v - 72. Give z(v).
-3
Let j(o) = o**3 + 4*o**2 + 2*o. Let m be (-2)/(-8) + (-55)/(-20). Suppose 0 = -m*y + 5*y - 4. Suppose a + y*a + 6 = 0. Determine j(a).
4
Let h(r) = -9 + 170*r**2 + 180*r**2 - 2*r**3 - 362*r**2 + 14*r. Give h(-7).
-9
Let q(c) = -4*c + 9. Let j(m) be the third derivative of 0*m + 5/6*m**3 - 1/12*m**4 + 0 - m**2. Let i(r) = 9*j(r) - 4*q(r). Determine i(6).
-3
Let p(m) = -16*m**2 - 1. Let l(y) = y**3 - 9*y**2 - y + 10. Let v be l(9). Suppose 0 = 4*h - 3*s + v, 3*h + 4*s + 2 = 5*h. What is p(h)?
-17
Let o be (-1)/(308/672 - 2/16). Let g(c) = -c**3 - 5*c**2 - 4*c - 4. What is g(o)?
-10
Let h be ((-2)/(-4))/(4/80). Let m(b) = 0*b - 3*b + 2*b + h - 18. What is m(-6)?
-2
Let x(k) be the third derivative of 1/60*k**5 + 1/2*k**3 + 0*k + 1/12*k**4 + 0 + 1/120*k**6 + 8*k**2. What is x(-2)?
-5
Let i(n) = -4*n + 24. Let m(g) = -1. Let a(j) = i(j) + 6*m(j). Calculate a(3).
6
Let l(z) = z + 3*z - 6*z. Let k = 0 + -15. Let u = -17 - k. Give l(u).
4
Let j(u) = 6*u**2 - u. Suppose -18 = -5*m - 4*h, m = -4*m + 5*h. Let k be m/(-4)*(-8)/4. Give j(k).
5
Let v(s) = -6*s + s**2 + 9*s - 6*s + 2*s. Let r(u) = 5*u**2 - 3*u + 1. Let m(j) = 2*r(j) - 9*v(j). Determine m(-4).
6
Let a(x) = 7*x**3 + 14*x**2 + 5*x - 40. Let h(s) = -60*s**3 - 111*s**2 - 41*s + 320. Let k(n) = -17*a(n) - 2*h(n). Give k(16).
-8
Let y = -10 - -15. Let k = 29 - 20. Let w(z) = -z + k*z + y - 2 - 2. What is w(1)?
9
Let a(d) = -7 - 13*d + 7 - 3 + 12*d. Calculate a(-5).
2
Let b(k) = k**3 - 66*k**2 + 129*k - 62. Let v be b(64). Let q(o) = -o**3 - 2*o**2 + 4*o + 4. Let u be q(-3). Let d(s) = u + v*s + 2 - 5. What is d(3)?
4
Let m(c) = -3*c - 1. Let p(s) = 4*s + 1. Let n(l) = 7*m(l) + 5*p(l). Let f be (-83)/(-2) - (-3)/(-2). Let i = f - 42. Give n(i).
0
Let c(y) = -y + 9. Suppose -5*v - 10 = -3*q, 0 = -4*q - 2*v - 3*v - 10. Let f = q + -5. Let h = f + 5. Give c(h).
9
Let y(z) = -z**3 + 9*z**2 - 7*z - 5. Let l be y(8). Suppose -34 = -4*k + d, k + 5 - 20 = -3*d. Let m(r) = -r**3 + r**2 + 3*r - 12 + 24 - k. Determine m(l).
-6
Let t(h) = -6 - 122*h - 2*h**2 - 128*h + 238*h + 22 + 0*h**2. What is t(-7)?
2
Let c(x) = x + 2. Suppose 0 = -8*w + 4*w - 20. Let t be 1*(4 + w)*8. Determine c(t).
-6
Let p(c) = -c**2 + 4*c - 6. Suppose -n - 55 = -6*n. Let q = n - -5. Let w be q - 12 - (-2)/2. Give p(w).
-11
Let j(f) be the first derivative of f**2 + 14*f - 4. What is j(-11)?
-8
Let v(s) = -639 + 605 + 2*s**2 + 14*s - 44*s. Calculate v(16).
-2
Let o(q) = -1770 - 8*q + 9*q**2 - 6*q**2 + 1777. Give o(3).
10
Let c(z) be the third derivative of -z**6/120 + 7*z**5/30 - 9*z**4/8 + 5*z**3 + 341*z**2. Give c(12).
-6
Let q(c) be the first derivative of c**2 - 45*c - 227. Give q(19).
-7
Let u(j) = -j**2 + 6*j. Let v be -3 + 6 + 10/(-2). Let d(q) be the second derivative of -q**3/3 + q**2/2 + q. Let h be d(v). Determine u(h).
5
Let y be (14/14)/(1/3). Let h(c) = 2*c**2 - 26*c**3 - 5 + 25*c**y + 4*c**2 + 8*c. Calculate h(7).
2
Let z(i) be the first derivative of -5*i**3/3 + i**2/2 + 2*i + 2. Suppose 8 = -c + 6, -20 = 5*h + 5*c. Give z(h).
-20
Let t(h) be the third derivative of -h**6/120 + h**5/60 + 2*h**3/3 + 3*h**2 + 2. What is t(3)?
-14
Let m(j) be the first derivative of -j**4/4 - 4*j**3/3 - 7*j**2/2 - 8*j + 909. Determine m(-3).
4
Let k(t) = -t + 16 - 8*t + 6*t + 4*t + 3*t. Determine k(-2).
8
Let c(i) = i**3 + i**2 - 2*i - 4. Let m be c(-2). Let u(l) = -l + l - 4 + l**2 + 5*l. What is u(m)?
-8
Let s(v) be the second derivative of -v**4/12 - 4*v**3/3 + 6*v**2 + 7*v. Let l be s(-10). Let q(t) = t**2 + 8*t - 7. Give q(l).
-7
Let g(y) = -20 - 28 - 7*y - 18 + 82 - 18. Calculate g(-3).
19
Let x(q) = -q**3 - 2*q**2 + 4*q - 5. Let d be (39/6 - 6)/((-2)/(-24)). Suppose -2 = -s - d. Determine x(s).
11
Suppose 0 = -f - 6 - 3. Let v be (6/(-9))/((-2)/f). Let a(h) = -h**3 - 4*h**2 - 5*h - 3. Determine a(v).
3
Let j(k) = 11*k**2 - 3*k - 2. Let a(b) = 6*b**2 - 2*b - 1. Let x(g) = -g**3 + 6*g**2 + 5*g + 9. Let r be x(7). Let q(d) = r*a(d) + 3*j(d). What is q(-2)?
9
Let g(o) = 3*o - 4 - 374*o**2 + 753*o**2 - 373*o**2. Give g(1).
5
Suppose 2*p = -25 + 137. Let h = p - 59. Let m(j) = j + 4. Calculate m(h).
1
Let s(v) = -1 + 6*v**3 - 4*v**3 + 1 - v. Suppose 0 = 7*c + 3*c - 20. Suppose 0 = -2*q - 3*q - 5*p - 15, 4*q + c*p = -8. What is s(q)?
-1
Let b(g) = 2*g**2 + g**3 + 0*g**2 - 7*g**2 - g + 3. Let w(s) = -s**2 + 6*s. Let m be w(5